6
Convert 1597 (base 12) to base 15.
b5d
What is 12043 (base 5) in base 4?
32002
Convert -11301 (base 4) to base 5.
-2434
Convert 47763 (base 8) to base 9.
31061
Convert -221020002 (base 3) to base 9.
-27202
Convert 3221033 (base 4) to base 13.
6a43
10011100100001101 (base 2) to base 10
80141
-305 (base 12) to base 14
-233
22121 (base 3) to base 4
3220
-120201210 (base 3) to base 12
-6779
34421 (base 8) to base 6
151345
What is b68 (base 14) in base 6?
14224
Convert -44a (base 11) to base 15.
-25d
What is -333 (base 6) in base 2?
-10000001
-abc (base 16) to base 12
-1710
What is 1ca (base 14) in base 2?
101110110
Convert 723b (base 12) to base 14.
475d
Convert -437 (base 9) to base 15.
-18d
What is 224 (base 14) in base 6?
1544
Convert -3ab7 (base 12) to base 16.
-1a6b
-3631 (base 16) to base 12
-8041
What is -88a (base 16) in base 5?
-32221
-150367 (base 8) to base 9
-81338
What is -217 (base 10) in base 14?
-117
What is 11020 (base 3) in base 10?
114
10011110111 (base 2) to base 3
1202002
What is 1736 (base 10) in base 9?
2338
-22166 (base 7) to base 3
-21122212
Convert -1164 (base 12) to base 6.
-13004
12100000 (base 3) to base 12
2300
-10311123 (base 4) to base 10
-19803
2078 (base 16) to base 12
4988
7931 (base 12) to base 16
3475
140b (base 14) to base 2
110111010011
-11443 (base 7) to base 12
-1877
Convert -1320300 (base 4) to base 11.
-5896
Convert 3054 (base 6) to base 3.
221021
What is -102103 (base 4) in base 10?
-1171
Convert -2400 (base 6) to base 7.
-1452
1201122 (base 4) to base 8
14132
2231 (base 5) to base 4
10330
What is -5312 (base 13) in base 4?
-2303303
What is -44308 (base 11) in base 6?
-1213255
Convert 22031 (base 5) to base 7.
4264
Convert -4220 (base 9) to base 7.
-12012
What is 201230 (base 4) in base 3?
2221212
Convert 1af (base 16) to base 9.
528
Convert 117 (base 8) to base 4.
1033
-6787 (base 13) to base 15
-4451
What is 78b (base 13) in base 14?
68a
5 (base 10) to base 14
5
What is 401 (base 9) in base 15?
16a
What is -72292 (base 10) in base 6?
-1314404
-451 (base 12) to base 7
-1600
43355 (base 10) to base 4
22211123
What is -10000211112 (base 3) in base 16?
-e909
What is -2200200 (base 4) in base 14?
-3a5a
10110111010 (base 2) to base 15
67b
-bb3 (base 16) to base 5
-43440
What is -1533 (base 6) in base 10?
-417
Convert -39a8 (base 13) to base 3.
-102022120
Convert -2cd (base 15) to base 2.
-1010000011
What is 10b43 (base 13) in base 11?
20995
What is a7d (base 16) in base 9?
3613
Convert -4a6d (base 14) to base 11.
-9879
Convert 8767 (base 11) to base 4.
2310300
Convert 100101000100 (base 2) to base 13.
1106
-874d (base 14) to base 10
-23393
What is 126e2 (base 15) in base 6?
1132505
-111111110101111 (base 2) to base 4
-13332233
What is 6401 (base 7) in base 2?
100011001111
Convert 101010011001 (base 2) to base 12.
16a1
Convert 252 (base 16) to base 4.
21102
-477 (base 13) to base 5
-11044
Convert -10231120 (base 4) to base 8.
-45530
What is 22122222 (base 3) in base 13?
2b4c
Convert -a05c (base 14) to base 11.
-19750
c73c (base 13) to base 8
65716
What is 4853 (base 9) in base 7?
13350
Convert 6976 (base 10) to base 12.
4054
10011001011001001 (base 2) to base 7
444654
Convert 110000101 (base 2) to base 7.
1064
11000110001010 (base 2) to base 13
5a07
What is -1000100 (base 2) in base 6?
-152
-13101 (base 6) to base 13
-b95
442553 (base 6) to base 14
d661
Convert 2a1 (base 12) to base 3.
120011
What is b4b (base 13) in base 5?
30142
-533 (base 7) to base 11
-225
Convert -357a (base 14) to base 7.
-36113
Convert 1234313 (base 5) to base 3.
1020101020
-1728 (base 11) to base 6
-14120
What is -2996 (base 13) in base 3?
-22021122
Convert -2021112 (base 3) to base 8.
-3175
What is -d2 (base 15) in base 2?
-11000101
What is 1302 (base 4) in base 8?
162
Convert 252 (base 12) to base 10.
350
What is 2130311 (base 4) in base 16?
2735
-10070 (base 8) to base 7
-15051
-131330 (base 4) to base 5
-30131
Convert 2202111 (base 3) to base 11.
1569
Convert -a884 (base 11) to base 14.
-5346
What is 57 (base 12) in base 8?
103
2028 (base 13) to base 12
2690
Convert a3a1 (base 11) to base 3.
200220112
What is -44d (base 15) in base 14?
-4d7
Convert -1241 (base 13) to base 11.
-1a43
-486 (base 12) to base 13
-402
167 (base 10) to base 16
a7
-111000 (base 3) to base 2
-101011111
Convert -14532 (base 6) to base 9.
-3212
110221112 (base 3) to base 14
3621
What is -7550 (base 13) in base 2?
-11111110100001
What is -1321a (base 13) in base 16?
-8ab9
What is -40230 (base 5) in base 10?
-2565
What is -2164 (base 7) in base 11?
-650
Convert 32 (base 4) to base 6.
22
Convert 1100111100 (base 2) to base 16.
33c
Convert 1011102 (base 3) to base 16.
350
What is -101022200 (base 3) in base 12?
-4430
Convert 10644 (base 7) to base 15.
c1c
Convert 12611 (base 8) to base 12.
3235
1187 (base 9) to base 8
1571
Convert 1138 (base 12) to base 8.
3574
-124331 (base 5) to base 4
-1031212
Convert 4023 (base 5) to base 9.
630
What is 412 (base 10) in base 4?
12130
Convert -2692 (base 11) to base 13.
-1785
What is -60a8 (base 15) in base 4?
-10332320
Convert 10001011111100000 (base 2) to base 5.
4243043
Convert 1380 (base 9) to base 3.
1102200
What is -7f (base 16) in base 11?
-106
What is -1321 (base 5) in base 8?
-323
What is 10121101 (base 3) in base 2?
101001000101
What is 14600 (base 7) in base 4?
333203
541 (base 7) to base 5
2044
What is 850 (base 13) in base 2?
10110001001
Convert 850 (base 13) to base 2.
10110001001
250 (base 15) to base 3
201110
What is 2145 (base 9) in base 8?
3054
What is 7b (base 14) in base 8?
155
Convert -1100001 (base 2) to base 9.
-117
11111110 (base 2) to base 15
11e
-134560 (base 7) to base 4
-12101011
-1240 (base 9) to base 5
-12202
What is -2375 (base 11) in base 4?
-300203
What is -8432 (base 9) in base 12?
-36b5
Convert -221 (base 11) to base 5.
-2030
What is -387 (base 10) in base 14?
-1d9
Convert -10333 (base 4) to base 10.
-319
Convert 15853 (base 9) to base 6.
122250
-800 (base 14) to base 12
-aa8
What is 167 (base 14) in base 4?
10133
What is 1021222 (base 3) in base 14?
4b6
207 (base 13) to base 7
1002
Convert -4886 (base 9) to base 11.
-2811
Convert 202002202 (base 3) to base 8.
34476
Convert 13060 (base 12) to base 7.
135531
-aa7 (base 11) to base 7
-3604
What is 1080 (base 9) in base 8?
1441
Convert -12021 (base 4) to base 8.
-611
-414 (base 5) to base 4
-1231
What is 6696 (base 10) in base 12?
3a60
2101110 (base 3) to base 16
6cc
Convert -7191 (base 10) to base 6.
-53143
What is 868 (base 9) in base 13?
428
-1475 (base 13) to base 16
-b99
Convert 1010110 (base 2) to base 5.
321
6041 (base 8) to base 9
4230
Convert 5029 (base 13) to base 5.
323040
Convert 4331 (base 5) to base 2.
1001001111
What is -11367 (base 8) in base 10?
-4855
-2107 (base 8) to base 2
-10001000111
Convert 4171 (base 10) to base 2.
1000001001011
Convert -be7 (base 16) to base 6.
-22035
3206 (base 9) to base 14
c03
Convert -a45 (base 11) to base 4.
-103223
-1a61 (base 11) to base 5
-40413
-1013443 (base 5) to base 10
-16748
Convert -20004 (base 12) to base 13.
-15b56
Convert -330 (base 15) to base 12.
-500
What is 6758 (base 9) in base 12?
2a82
28297 (base 11) to base 15
be03
2593 (base 10) to base 12
1601
What is 20425 (base 7) in base 15?
1747
-40234 (base 7) to base 9
-14307
7444 (base 8) to base 4
330210
What is -1101000101001 (base 2) in base 10?
-6697
What is -1a44 (base 12) in base 9?
-4367
Convert 4437 (base 12) to base 9.
11287
-a83b (base 13) to base 14
-8736
What is 6abb (base 15) in base 11?
16045
What is 10a (base 14) in base 10?
206
-4674 (base 10) to base 8
-11102
What is -2233100 (base 4) in base 6?
-123532
What is -120120001 (base 3) in base 13?
-5215
What is 47125 (base 8) in base 13?
9187
424 (base 10) to base 13
268
Convert 222211202 (base 3) to base 6.
230332
What is -3114 (base 13) in base 7?
-25521
What is a74 (base 16) in base 12?
1670
What is -4a6 (base 14) in base 6?
-4150
What is 198 (base 10) in base 12?
146
Convert 5fab (base 16) to base 8.
57653
-1112201 (base 4) to base 2
-1010110100001
What is 14752 (base 14) in base 16?
c694
What is -1000000101000100 (base 2) in base 14?
-c0ba
Convert -3106 (base 9) to base 10.
-2274
What is -1300100 (base 4) in base 7?
-26642
1011 (base 2) to base 4
23
925 (base 11